ndred thousands digit of 259061?
2
What is the ten thousands digit of 10459175?
5
What is the hundred thousands digit of 691873?
6
What is the tens digit of 319704?
0
What is the hundreds digit of 454668?
6
What is the ten thousands digit of 3220808?
2
What is the hundreds digit of 7768753?
7
What is the ten thousands digit of 51680?
5
What is the hundred thousands digit of 16353928?
3
What is the hundred thousands digit of 1318823?
3
What is the ten millions digit of 14268793?
1
What is the hundreds digit of 377238?
2
What is the hundred thousands digit of 244431?
2
What is the hundreds digit of 23862122?
1
What is the hundred thousands digit of 5889265?
8
What is the hundred thousands digit of 661285?
6
What is the units digit of 938308?
8
What is the ten thousands digit of 479448?
7
What is the thousands digit of 84617?
4
What is the millions digit of 7554061?
7
What is the units digit of 4241843?
3
What is the hundreds digit of 4455194?
1
What is the thousands digit of 17559189?
9
What is the ten thousands digit of 11390065?
9
What is the tens digit of 853342?
4
What is the hundreds digit of 159305?
3
What is the ten thousands digit of 2501075?
0
What is the hundreds digit of 310816?
8
What is the ten thousands digit of 5846061?
4
What is the units digit of 27164800?
0
What is the hundred thousands digit of 3930183?
9
What is the hundred thousands digit of 279295?
2
What is the ten thousands digit of 4605720?
0
What is the thousands digit of 616226?
6
What is the hundreds digit of 5984439?
4
What is the ten millions digit of 10807846?
1
What is the thousands digit of 5095486?
5
What is the hundreds digit of 8899283?
2
What is the thousands digit of 2909125?
9
What is the thousands digit of 4355535?
5
What is the units digit of 704497?
7
What is the hundreds digit of 520931?
9
What is the ten thousands digit of 3157755?
5
What is the thousands digit of 1825234?
5
What is the hundreds digit of 37885?
8
What is the units digit of 1564258?
8
What is the tens digit of 6834164?
6
What is the millions digit of 6070466?
6
What is the hundred thousands digit of 3735447?
7
What is the millions digit of 1814277?
1
What is the thousands digit of 3088834?
8
What is the hundred thousands digit of 5910884?
9
What is the units digit of 4743042?
2
What is the tens digit of 7347483?
8
What is the tens digit of 20690175?
7
What is the ten millions digit of 10939214?
1
What is the hundred thousands digit of 2264138?
2
What is the tens digit of 1953017?
1
What is the hundred thousands digit of 1616865?
6
What is the tens digit of 135696?
9
What is the units digit of 370633?
3
What is the tens digit of 110059?
5
What is the ten thousands digit of 10473701?
7
What is the tens digit of 614264?
6
What is the millions digit of 2386418?
2
What is the units digit of 292490?
0
What is the thousands digit of 39301?
9
What is the ten thousands digit of 240314?
4
What is the hundred thousands digit of 28577747?
5
What is the tens digit of 155770?
7
What is the thousands digit of 1622266?
2
What is the thousands digit of 917795?
7
What is the tens digit of 1800619?
1
What is the hundred thousands digit of 936436?
9
What is the ten thousands digit of 606087?
0
What is the millions digit of 15521575?
5
What is the millions digit of 3360274?
3
What is the hundred thousands digit of 117560?
1
What is the hundreds digit of 122713?
7
What is the units digit of 509041?
1
What is the hundreds digit of 767212?
2
What is the hundreds digit of 284850?
8
What is the hundred thousands digit of 1295937?
2
What is the units digit of 413818?
8
What is the thousands digit of 546908?
6
What is the tens digit of 419963?
6
What is the units digit of 154658?
8
What is the millions digit of 1547047?
1
What is the hundred thousands digit of 176161?
1
What is the hundred thousands digit of 3329838?
3
What is the ten thousands digit of 746132?
4
What is the hundreds digit of 395713?
7
What is the tens digit of 6627158?
5
What is the hundred thousands digit of 148104?
1
What is the ten thousands digit of 80907?
8
What is the ten thousands digit of 7873458?
7
What is the tens digit of 28481?
8
What is the hundreds digit of 8076013?
0
What is the ten thousands digit of 1857580?
5
What is the tens digit of 192172?
7
What is the thousands digit of 15486204?
6
What is the hundred thousands digit of 187145?
1
What is the units digit of 881934?
4
What is the tens digit of 1101871?
7
What is the tens digit of 470943?
4
What is the hundreds digit of 1554759?
7
What is the thousands digit of 479611?
9
What is the units digit of 13295750?
0
What is the tens digit of 157915?
1
What is the units digit of 190162?
2
What is the millions digit of 7838338?
7
What is the ten thousands digit of 811533?
1
What is the tens digit of 1342013?
1
What is the ten thousands digit of 4809482?
0
What is the hundred thousands digit of 640744?
6
What is the ten thousands digit of 1540503?
4
What is the thousands digit of 121687?
1
What is the thousands digit of 13343573?
3
What is the thousands digit of 1525929?
5
What is the hundred thousands digit of 2172126?
1
What is the units digit of 228961?
1
What is the thousands digit of 338681?
8
What is the hundreds digit of 310989?
9
What is the hundreds digit of 20907?
9
What is the hundred thousands digit of 27876712?
8
What is the tens digit of 282460?
6
What is the ten thousands digit of 1574965?
7
What is the hundreds digit of 2767085?
0
What is the tens digit of 105159?
5
What is the ten thousands digit of 108821?
0
What is the units digit of 346186?
6
What is the hundred thousands digit of 259716?
2
What is the millions digit of 1170601?
1
What is the hundreds digit of 2739386?
3
What is the hundreds digit of 16662?
6
What is the millions digit of 13516890?
3
What is the thousands digit of 167465?
7
What is the millions digit of 36111941?
6
What is the hundreds digit of 1165441?
4
What is the tens digit of 1560272?
7
What is the hundred thousands digit of 4794499?
7
What is the hundreds digit of 15259503?
5
What is the tens digit of 20018190?
9
What is the hundreds digit of 252040?
0
What is the thousands digit of 6366336?
6
What is the tens digit of 609247?
4
What is the hundred thousands digit of 3559885?
5
What is the hundreds digit of 3071583?
5
What is the hundreds digit of 1113034?
0
What is the tens digit of 61903?
0
What is the units digit of 2699606?
6
What is the thousands digit of 479368?
9
What is the tens digit of 16377361?
6
What is the thousands digit of 991671?
1
What is the tens digit of 232953?
5
What is the hundred thousands digit of 237863?
2
What is the hundreds digit of 4759026?
0
What is the thousands digit of 25935069?
5
What is the millions digit of 1674468?
1
What is the ten thousands digit of 849765?
4
What is the hundreds digit of 13173661?
6
What is the thousands digit of 913588?
3
What is the hundreds digit of 84532?
5
What is the hundred thousands digit of 5770394?
7
What is the thousands digit of 1000326?
0
What is the hundreds digit of 7437?
4
What is the units digit of 461083?
3
What is the ten thousands digit of 549318?
4
What is the ten thousands digit of 504272?
0
What is the hundred thousands digit of 137162?
1
What is the units digit of 478100?
0
What is the hundred thousands digit of 5388396?
3
What is the thousands digit of 24128462?
8
What is the units digit of 207124?
4
What is the units digit of 922854?
4
What is the hundred thousands digit of 1177499?
1
What is the hundred thousands digit of 242578?
2
What is the tens digit of 13121657?
5
What is the ten thousands digit of 39027207?
2
What is the ten thousands digit of 5895052?
9
What is the units digit of 4100297?
7
What is the millions digit of 1298860?
1
What is the hundreds digit of 448121?
1
What is the hundred thousands digit of 400404?
4
What is the hundreds digit of 7911743?
7
What is the tens digit of 540002?
0
What is the units digit of 4413257?
7
What is the ten thousands digit of 4383909?
8
What is the thousands digit of 1665311?
5
What is the thousands digit of 5152352?
2
What is the tens digit of 949940?
4
What is the ten thousands digit of 8562921?
6
What is the hundreds digit of 3218608?
6
What is the ten thousands digit of 4125817?
2
What is the ten thousands 